 3.
3
Suppose -9*w = -3*w - 1254. Calculate the highest common divisor of 19 and w.
19
Let u(g) = -g**2 - 7*g. Let i be u(-6). Suppose 3*y = 0, -y = -0*w + 3*w - 6. Suppose w*q - 30 = 18. Calculate the greatest common divisor of q and i.
6
Let q be 3*(10 + 0 + 1). What is the greatest common factor of 99 and q?
33
Let w be 4/16 - 214/(-8). Let u = w - 9. Calculate the greatest common factor of 12 and u.
6
Let g(k) = k**3 - k**2 + 3. Let i be g(0). Let h be 2/(-6)*(4 - 40). What is the highest common divisor of h and i?
3
Suppose -3*m = -302 - 34. Suppose 5*l + 5*x = l + 17, -3*l + 3*x - 21 = 0. Let o be 17 + (l/(-2))/(-1). What is the highest common factor of m and o?
16
Let h = 6 + -4. Let q be (h + -6)*(-2)/2. Suppose 3*p - 12 = -q*j, -3*p = 2*p + 20. What is the highest common factor of 54 and j?
6
Let s = 30 + -14. Suppose -138 = -3*i - n, 2*n + 84 = 2*i - 0*n. Let q = 85 - i. What is the greatest common divisor of q and s?
8
Let b(m) = m**2 - 3*m + 2. Let h be b(3). What is the highest common divisor of 5 and h?
1
Let q = -689 + 697. Suppose z = 2*z - 32. Calculate the highest common factor of q and z.
8
Let w(i) = -i**3 - i**2 - 2*i + 19. Let c be w(0). Let f(d) = 2*d**3 - 4*d**2 - d + 4. Let k be f(3). What is the highest common divisor of c and k?
19
Let a be -2 - (134 - -2)/(-2). Let q(w) = w**3 + 4*w**2 - w + 2. Suppose y + 5 = 1. Let v be q(y). What is the greatest common divisor of v and a?
6
Let g(i) = -2*i - 1. Let x be g(-3). Suppose 0 = -2*z + 2*f + 46, 48 + 62 = 4*z + 5*f. What is the highest common divisor of x and z?
5
Let x = -120 + 295. What is the greatest common divisor of x and 25?
25
Let r be (-44)/10*-6*5. Calculate the highest common factor of 12 and r.
12
Let l be (-2)/(0 - -2) - -22. Let o = l + -14. Let p(u) = u**3 - 7*u**2 + 2*u - 8. Let g be p(o). Calculate the greatest common divisor of 18 and g.
6
Let j(v) = -v**3 + 9*v**2 - 4*v - 1. Let m be (-6)/(-5)*20/6. Let w be j(m). Let c = -45 - -66. Calculate the highest common factor of w and c.
21
Suppose 0*t + 2*k = t - 7, -3*k = -12. Calculate the greatest common factor of t and 165.
15
Suppose 2*c - 58 = -c + 5*p, -3*c + 62 = -p. Let r(m) = 71*m + 18. Let v be r(3). Calculate the greatest common factor of c and v.
21
Let x(d) = -d**2 + 9*d + 5. Let l be x(8). Let k = 81 + 36. Calculate the highest common divisor of k and l.
13
Suppose 2 - 18 = -3*t + 5*g, 4*t - 14 = 3*g. Let d be t/(1/14 + 0). Calculate the greatest common factor of 70 and d.
14
Suppose -3*q = 3*a - q - 23, -5*a + 5*q = -80. Let i(k) = k**3 - 10*k**2 - 11*k + 12. Let n be i(a). Calculate the greatest common divisor of 8 and n.
4
Suppose -5*z = y - 48, 4*y - 2*z - 2*z - 72 = 0. Let u be ((-2)/(-4))/((-1)/(-322)). What is the highest common divisor of y and u?
23
Let c(h) = -6*h. Let g be c(-8). Calculate the highest common divisor of 120 and g.
24
Let c be 3/18 - (4 + 83/(-6)). What is the highest common factor of c and 110?
10
Let t be (19/3)/(7/21). What is the highest common divisor of t and 57?
19
Let k(w) = -55*w - 4. Let p(i) = -2*i - 2. Let v be p(1). Let c be k(v). What is the highest common divisor of 24 and c?
24
Suppose -2*h + 5*v + 36 = 2*h, -4*h = v - 12. Let y(s) = 4*s**2 + 4*s. Let z be y(h). What is the highest common factor of 32 and z?
16
Let p be 1 - (0 + -15) - 1. Let h = 15 + -22. Let s(j) = -j - 2. Let l be s(h). Calculate the highest common factor of l and p.
5
Suppose -v + 7 = 4*c, -1 - 1 = v + c. Let t be (-3)/v + 4/10. Let x = t + 1. What is the highest common divisor of x and 14?
2
Suppose -7*c = -c - 720. Calculate the highest common divisor of c and 15.
15
Suppose 4*c = 5*f - 0*c - 57, 0 = -c - 3. Let g be (12/f)/(2/9). Let p = 19 + -1. What is the greatest common divisor of p and g?
6
Let u be 44/(-8)*-2 + 4. Calculate the greatest common factor of u and 3.
3
Let q be ((-2)/(-3))/((-10)/(-135)). Let z be q/(3 - 0)*6. Calculate the greatest common divisor of z and 2.
2
Suppose 5*d = -2*f + 14, -7*f + 2*f - 7 = 2*d. Let a(x) = 192*x - 95*x - 112*x. Let q be a(f). What is the greatest common factor of 30 and q?
15
Suppose 5*w = -5*y + 75, 3*w - y = -2*y + 39. Calculate the highest common divisor of w and 132.
12
Suppose r + 39 = -30. Let t = r + 40. Let p = -15 - t. What is the highest common divisor of 112 and p?
14
Suppose -5*g = -4*q - 18, 5*q - 39 = -5*g + 2*q. Calculate the highest common factor of g and 12.
6
Suppose 3*x - 154 = -19. What is the highest common divisor of x and 18?
9
Let n be ((-15)/(-6))/(3/6). Suppose 0*z = -n*z + 5. Calculate the greatest common factor of z and 8.
1
Let z be (-4)/(-12)*6*(-3)/(-3). Calculate the highest common divisor of z and 20.
2
Let f(h) = -h**3 - 8*h**2 + h + 11. Let g be f(-8). Suppose g - 2 = x. Calculate the greatest common divisor of 7 and x.
1
Suppose -240 = -3*p + 5*l, 2*l = -2*l. Calculate the highest common divisor of 20 and p.
20
Suppose -4*g - 616 = -2*l - 3*l, -584 = -5*l - 4*g. Suppose -u + l = 29. Let x = 37 + -24. What is the highest common factor of x and u?
13
Let l(v) be the third derivative of v**5/60 - v**4/4 + v**3/3 + 8*v**2. Let q be l(10). Calculate the greatest common divisor of q and 105.
21
Suppose 4*g - 3 - 5 = 0. What is the highest common factor of 18 and g?
2
Suppose -8*k = -5*k - 78. Calculate the greatest common divisor of k and 39.
13
Suppose 0 = -4*j + 13 + 23. Let t be 1 - 2 - (-2 - j). What is the greatest common divisor of 90 and t?
10
Let c = -18 - -58. Calculate the highest common divisor of 5 and c.
5
Let l(y) = -y. Let c be l(-6). Let v(f) = 20*f - 8. Let t be v(c). Calculate the highest common factor of 16 and t.
16
Let k be (-16)/(-6) - (-2)/6. Suppose -z + 2*z + 8 = 0. Let h = -2 - z. What is the greatest common factor of k and h?
3
Let k be (-1)/3 + (-103)/(-3). Suppose 0 = -j + 5*l - 11, -5*j + l = -j - 32. Suppose 8 + j = o. Calculate the greatest common factor of o and k.
17
Let r = 54 + -30. Let h(f) = 3*f + 5*f + 4 - f - 4*f. Let a be h(4). Calculate the greatest common divisor of r and a.
8
Suppose -2*w = -5*t - 197 - 33, w - 117 = 3*t. Suppose -3*n - 129 = -4*b, -4*b = 6*n - n - w. What is the greatest common divisor of b and 12?
6
Let h be ((-70)/(-7))/(4/6) + -2. What is the greatest common factor of h and 104?
13
Suppose -q + 9*q - 112 = 0. Calculate the greatest common divisor of 35 and q.
7
Let g(a) = -a**3 + a + 22. Let j be g(0). Let d = 12 - 11. Let t be (-33 + 0)*d/(-3). Calculate the highest common divisor of t and j.
11
Let c = -12 - -18. Let o(x) = 2*x + 4. Let g be o(c). Suppose 3*r + i - 43 = 0, 2*r + 3*i = 8*i + 57. Calculate the greatest common divisor of g and r.
16
Let t(v) = 8*v**2 - 2*v + 2. Let r be t(3). Suppose -5*d + r = -2. What is the highest common divisor of d and 21?
7
Let m(l) = 4*l - 2. Let q be m(2). Suppose -q*k + 75 = -k. Suppose -2*x + 10 = -0. Calculate the highest common divisor of x and k.
5
Suppose -4*n - 20 = -4*g, 2*g + 3*n = -0*g + 25. What is the greatest common factor of g and 40?
8
Let q = 6 + -8. Let o be (-70)/(-9) + q/(-9). What is the highest common divisor of 24 and o?
8
Let m be 6*3/6*11. Suppose 0 = -3*i + t + 136, 2*i + 5*t = m + 52. What is the greatest common factor of i and 30?
15
Suppose 4*f = f + 42. Let x be 5*(-3)/(-30)*f. Calculate the highest common factor of x and 49.
7
Let u be 29/3 + (-4)/6. Suppose -24 = z + z + 4*k, 3*k = 3*z + u. Let m be (-81)/(-6)*(-4)/z. What is the highest common divisor of m and 9?
9
Suppose 2*a - 3*z - 25 = 14, 2*z - 24 = -2*a. Suppose 2*c = -3*c. Suppose c = 5*q - 541 - 59. What is the greatest common divisor of q and a?
15
Suppose -2*i = -4*i + 374. Let g(v) be the first derivative of v**4/2 + v - 1. Let a be g(2). What is the greatest common factor of a and i?
17
Suppose 2*m + 65 = 4*m + 5*k, -2*m = -5*k - 75. Suppose -3*c - 14 + 77 = 0. Suppose 0 = 3*d - c. Calculate the greatest common divisor of d and m.
7
Let y(o) = -4*o - 16. Let m be y(-11). What is the greatest common divisor of m and 308?
28
Let k be 4/(-20) + (-1)/(-5). Let j be (k - -1)*3 - -2. Suppose 0 = 4*o - j*f - 72, 5*o - 5*f - 90 = -f. What is the greatest common factor of 27 and o?
9
Let w(b) = -15 + 22 + 0*b**3 + b**3 - b - 5*b**2. Let u be w(5). Suppose -u*i = -6*i + 28. Calculate the highest common factor 